s the tens digit of 1739980?
8
What is the hundred thousands digit of 938873864?
8
What is the thousands digit of 61987036?
7
What is the ten thousands digit of 89938906?
3
What is the thousands digit of 173909311?
9
What is the millions digit of 3736786?
3
What is the units digit of 3877942597?
7
What is the ten thousands digit of 243325244?
2
What is the millions digit of 425873066?
5
What is the hundreds digit of 28409342?
3
What is the tens digit of 343232441?
4
What is the hundreds digit of 1258865856?
8
What is the hundred thousands digit of 21100956?
1
What is the tens digit of 140475560?
6
What is the ten millions digit of 97814995?
9
What is the ten thousands digit of 144229109?
2
What is the thousands digit of 765393995?
3
What is the hundreds digit of 29729510?
5
What is the ten millions digit of 691016007?
9
What is the units digit of 1228513139?
9
What is the hundred millions digit of 163029004?
1
What is the tens digit of 1973247247?
4
What is the ten thousands digit of 248617507?
1
What is the hundred thousands digit of 863539612?
5
What is the hundreds digit of 3694409097?
0
What is the ten millions digit of 1582753292?
8
What is the hundred thousands digit of 22329107?
3
What is the ten thousands digit of 560454509?
5
What is the hundred thousands digit of 91687127?
6
What is the billions digit of 3393793228?
3
What is the tens digit of 441464530?
3
What is the ten thousands digit of 936625131?
2
What is the ten thousands digit of 46264024?
6
What is the hundred thousands digit of 754380196?
3
What is the ten millions digit of 257606152?
5
What is the hundred thousands digit of 356431541?
4
What is the units digit of 2394580630?
0
What is the ten thousands digit of 589793772?
9
What is the hundred thousands digit of 80316238?
3
What is the tens digit of 130267799?
9
What is the hundreds digit of 650825468?
4
What is the hundred thousands digit of 55275693?
2
What is the tens digit of 480389253?
5
What is the millions digit of 196699118?
6
What is the millions digit of 6837529?
6
What is the hundred millions digit of 7728159787?
7
What is the ten thousands digit of 1239823306?
2
What is the tens digit of 91480010?
1
What is the ten millions digit of 59118957?
5
What is the hundred millions digit of 588890741?
5
What is the units digit of 572642512?
2
What is the hundred millions digit of 768073387?
7
What is the ten thousands digit of 247896846?
9
What is the units digit of 8047574?
4
What is the hundred thousands digit of 40362019?
3
What is the tens digit of 86368201?
0
What is the thousands digit of 6036328957?
8
What is the thousands digit of 47936043?
6
What is the tens digit of 614730583?
8
What is the ten thousands digit of 105904420?
0
What is the ten millions digit of 366256949?
6
What is the ten thousands digit of 8268654?
6
What is the hundred millions digit of 219621775?
2
What is the hundred thousands digit of 97119475?
1
What is the hundreds digit of 763463042?
0
What is the ten millions digit of 199753412?
9
What is the hundred millions digit of 1293753312?
2
What is the millions digit of 677348085?
7
What is the thousands digit of 119672005?
2
What is the tens digit of 50308624?
2
What is the tens digit of 24001888?
8
What is the millions digit of 42099541?
2
What is the tens digit of 229506129?
2
What is the thousands digit of 21966379?
6
What is the ten thousands digit of 352721530?
2
What is the tens digit of 4253600196?
9
What is the hundreds digit of 587857453?
4
What is the units digit of 36277597?
7
What is the hundred thousands digit of 25216457?
2
What is the units digit of 75620730?
0
What is the tens digit of 182447774?
7
What is the ten thousands digit of 26570494?
7
What is the ten thousands digit of 81296259?
9
What is the hundreds digit of 42671927?
9
What is the hundred millions digit of 2110495507?
1
What is the ten thousands digit of 65208062?
0
What is the millions digit of 574516504?
4
What is the hundreds digit of 706233405?
4
What is the hundreds digit of 135110220?
2
What is the units digit of 9228254?
4
What is the billions digit of 8800624417?
8
What is the ten thousands digit of 34242996?
4
What is the ten millions digit of 68118178?
6
What is the hundreds digit of 22385964?
9
What is the tens digit of 392989925?
2
What is the hundreds digit of 1047787751?
7
What is the units digit of 42904365?
5
What is the ten thousands digit of 1121805988?
0
What is the hundred millions digit of 1402371959?
4
What is the hundred millions digit of 1689956640?
6
What is the millions digit of 700533691?
0
What is the ten millions digit of 138586526?
3
What is the ten millions digit of 2986119654?
8
What is the thousands digit of 1630794892?
4
What is the thousands digit of 194962133?
2
What is the hundred thousands digit of 160678304?
6
What is the ten millions digit of 55915071?
5
What is the tens digit of 3205298910?
1
What is the tens digit of 3977287297?
9
What is the hundred thousands digit of 159046788?
0
What is the ten millions digit of 192629695?
9
What is the millions digit of 1137196004?
7
What is the ten thousands digit of 330296188?
9
What is the ten thousands digit of 384391843?
9
What is the hundreds digit of 77607402?
4
What is the ten thousands digit of 28248484?
4
What is the ten thousands digit of 110280637?
8
What is the hundred thousands digit of 53092822?
0
What is the ten thousands digit of 196401957?
0
What is the millions digit of 160438939?
0
What is the units digit of 300818146?
6
What is the hundred thousands digit of 7744226?
7
What is the thousands digit of 58370159?
0
What is the tens digit of 859062013?
1
What is the hundreds digit of 4179143501?
5
What is the tens digit of 37768040?
4
What is the millions digit of 85574169?
5
What is the ten thousands digit of 1574173505?
7
What is the ten millions digit of 1379890400?
7
What is the units digit of 90933376?
6
What is the hundreds digit of 100325617?
6
What is the hundred thousands digit of 687608700?
6
What is the tens digit of 108891615?
1
What is the ten thousands digit of 296628009?
2
What is the thousands digit of 270137470?
7
What is the millions digit of 7630312?
7
What is the hundred millions digit of 5948042386?
9
What is the hundreds digit of 638993676?
6
What is the hundred thousands digit of 846824292?
8
What is the units digit of 71664322?
2
What is the hundred thousands digit of 95174051?
1
What is the hundreds digit of 43976984?
9
What is the thousands digit of 38486722?
6
What is the hundred thousands digit of 61957341?
9
What is the units digit of 6183484407?
7
What is the millions digit of 16774833?
6
What is the thousands digit of 15347877?
7
What is the hundred thousands digit of 3802552524?
5
What is the hundreds digit of 36986403?
4
What is the tens digit of 266376681?
8
What is the ten thousands digit of 1743344261?
4
What is the ten millions digit of 144999763?
4
What is the units digit of 1819162223?
3
What is the tens digit of 80301423?
2
What is the ten millions digit of 59613744?
5
What is the thousands digit of 1435791221?
1
What is the hundreds digit of 346327029?
0
What is the ten millions digit of 23814762?
2
What is the millions digit of 303889935?
3
What is the millions digit of 82188866?
2
What is the billions digit of 2160120621?
2
What is the hundred thousands digit of 139347749?
3
What is the millions digit of 62811522?
2
What is the units digit of 199687562?
2
What is the hundreds digit of 69954982?
9
What is the hundred thousands digit of 565032416?
0
What is the thousands digit of 203241593?
1
What is the hundred millions digit of 716929104?
7
What is the millions digit of 183447100?
3
What is the ten millions digit of 837928616?
3
What is the tens digit of 2358782395?
9
What is the hundred thousands digit of 325554220?
5
What is the ten thousands digit of 2341038328?
3
What is the hundred millions digit of 5855172511?
8
What is the hundred thousands digit of 22300018?
3
What is the billions digit of 1660172009?
1
What is the units digit of 6480611486?
6
What is the hundred millions digit of 3099970100?
0
What is the hundreds digit of 733000752?
7
What is the hundreds digit of 44443436?
4
What is the hundred millions digit of 543940798?
5
What is the hundred millions digit of 